{"id":758,"date":"2025-11-03T01:19:50","date_gmt":"2025-11-03T01:19:50","guid":{"rendered":"https:\/\/okindin.is\/?page_id=758"},"modified":"2025-11-03T01:54:24","modified_gmt":"2025-11-03T01:54:24","slug":"rodamaur","status":"publish","type":"page","link":"https:\/\/okindin.is\/?page_id=758","title":{"rendered":"Ro\u00f0amaur"},"content":{"rendered":"\n<p><strong>Rau\u00f0ur og r\u00e1fandi<\/strong><\/p>\n\n\n\n<p>Ro\u00f0amaur heitir r\u00e9ttu nafni veggjam\u00edtill (Bryobia praetiosa) og tilheyrir \u00e1ttf\u00e6tlum (Arachnida) en til \u00feeirra heyra t.d. k\u00f6ngul\u00e6r og spor\u00f0drekar. \u00der\u00e1tt fyrir nafni\u00f0 er hann ekki skyldur maurum, heldur er um a\u00f0 r\u00e6\u00f0a m\u00edtil me\u00f0 \u00e1tta f\u00e6tur. Hann er sm\u00e1r, rau\u00f0leitur a\u00f0 lit og s\u00e9st gjarnan skr\u00ed\u00f0a \u00e1 steyptum veggjum, svalag\u00f3lfum og h\u00fasveggjum, s\u00e9rstaklega \u00ed s\u00f3l og hita.<\/p>\n\n\n\n<figure class=\"wp-block-image size-full is-resized\"><img fetchpriority=\"high\" decoding=\"async\" width=\"1024\" height=\"1024\" src=\"https:\/\/okindin.is\/wp-content\/uploads\/2025\/11\/ChatGPT-Image-Nov-3-2025-01_19_07-AM.png\" alt=\"\" class=\"wp-image-759\" style=\"width:504px;height:auto\" srcset=\"https:\/\/okindin.is\/wp-content\/uploads\/2025\/11\/ChatGPT-Image-Nov-3-2025-01_19_07-AM.png 1024w, https:\/\/okindin.is\/wp-content\/uploads\/2025\/11\/ChatGPT-Image-Nov-3-2025-01_19_07-AM-300x300.png 300w, https:\/\/okindin.is\/wp-content\/uploads\/2025\/11\/ChatGPT-Image-Nov-3-2025-01_19_07-AM-150x150.png 150w, https:\/\/okindin.is\/wp-content\/uploads\/2025\/11\/ChatGPT-Image-Nov-3-2025-01_19_07-AM-768x768.png 768w\" sizes=\"(max-width: 1024px) 100vw, 1024px\" \/><\/figure>\n\n\n\n<p><strong>Dvalarsta\u00f0ir og ummerki<\/strong><br>Ro\u00f0amaurar halda til utandyra \u00e1 gr\u00f3\u00f0ri og st\u00edgum en geta leita\u00f0 inn \u00ed h\u00fas til a\u00f0 hafa hamskipti e\u00f0a verpa eggjum. \u00deeir sj\u00e1st oft \u00ed st\u00f3rum h\u00f3pum og skilja eftir sig rau\u00f0leit f\u00f6r \u00feegar \u00feeir eru kramdir. \u00deeir valda ekki bitum e\u00f0a heilsutj\u00f3ni en geta veri\u00f0 hvimlei\u00f0ir gestir \u00e1 heimilum, einkum \u00feegar \u00feeir safnast saman \u00e1 gluggakistum og g\u00f3lfum, en algengast er a\u00f0 \u00feeir leiti inn um glugga kjallara\u00edb\u00fa\u00f0a e\u00f0a annarra glugga sem standa l\u00e1gt yfir jar\u00f0vegsyfirbor\u00f0i.<\/p>\n\n\n\n<p><strong>L\u00edfsh\u00e6ttir og \u00e1hrif<\/strong><br>Ro\u00f0amaurar n\u00e6rast \u00e1 pl\u00f6ntum me\u00f0 \u00fev\u00ed a\u00f0 sj\u00faga safann \u00far laufum og gr\u00f3\u00f0ri. \u00de\u00f3tt \u00feeir valdi sjaldnast miklu tj\u00f3ni \u00e1 grasfl\u00f6tum e\u00f0a g\u00f6r\u00f0um geta \u00feeir skemmt einstaka pl\u00f6ntur og valdi\u00f0 aflitun \u00e1 bl\u00f6\u00f0um. \u00cd h\u00fasum eru \u00feeir hins vegar meinlausir, en n\u00e6rvera \u00feeirra getur skapa\u00f0 \u00f3\u00fe\u00e6gindi og auki\u00f0 \u00ferifa\u00e1lag.<\/p>\n\n\n\n<p><strong>Forvarnir<\/strong><br>Forvarnir sn\u00faast fyrst og fremst um a\u00f0 draga \u00far a\u00f0gengi \u00feeirra a\u00f0 h\u00fasinu:<br>\u2022 Loka sprungum vi\u00f0 glugga, hur\u00f0ir og h\u00fasgrunn.<br>\u2022 Halda gr\u00f3\u00f0ri og runnum fr\u00e1 h\u00fasveggjum.<br>\u2022 Hafa glugga og hur\u00f0ir loka\u00f0ar.<br>\u2022 S\u00f3pa og ryksuga reglulega \u00fear sem \u00feeir safnast saman.<\/p>\n\n\n\n<p><\/p>\n\n\n\n<p><strong>Hva\u00f0 gerir \u00d3kindin?<\/strong><br>Ef ro\u00f0amaurar hafa n\u00e1\u00f0 s\u00e9r f\u00f3tfestu og \u00f3n\u00e6\u00f0i\u00f0 ver\u00f0ur vi\u00f0varandi er r\u00e1\u00f0 a\u00f0 leita til s\u00e9rfr\u00e6\u00f0ings. Stef\u00e1n Gaukur Rafnsson hj\u00e1 \u00d3kindinni metur a\u00f0st\u00e6\u00f0ur og beitir \u00f6ruggum a\u00f0fer\u00f0um sem:<br>\u2022 Minnka \u00e1gang b\u00e6\u00f0i innan- og utanh\u00fass.<br>\u2022 Eru \u00f6ruggar fyrir b\u00f6rn og g\u00e6lud\u00fdr eftir me\u00f0fer\u00f0.<br>\u2022 Veita langvarandi v\u00f6rn gegn endurkomu.<\/p>\n\n\n\n<p><\/p>\n\n\n\n<p><\/p>\n\n\n\n<p>Me\u00f0 markvissum a\u00f0ger\u00f0um m\u00e1 halda \u00feessum rau\u00f0leitu, \u00f3bo\u00f0nu gestum \u00ed skefjum og tryggja a\u00f0 \u00feeir valdi ekki \u00f3n\u00e6\u00f0i og ama.&nbsp;<\/p>\n","protected":false},"excerpt":{"rendered":"<p>Rau\u00f0ur og r\u00e1fandi Ro\u00f0amaur heitir r\u00e9ttu nafni veggjam\u00edtill (Bryobia praetiosa) og tilheyrir \u00e1ttf\u00e6tlum (Arachnida) en til \u00feeirra heyra t.d. k\u00f6ngul\u00e6r og spor\u00f0drekar. \u00der\u00e1tt fyrir nafni\u00f0 er hann ekki skyldur maurum, heldur er um a\u00f0 r\u00e6\u00f0a m\u00edtil me\u00f0 \u00e1tta f\u00e6tur. Hann er sm\u00e1r, rau\u00f0leitur a\u00f0 lit og s\u00e9st gjarnan skr\u00ed\u00f0a \u00e1 steyptum veggjum, svalag\u00f3lfum og h\u00fasveggjum, [&hellip;]<\/p>\n","protected":false},"author":2,"featured_media":0,"parent":0,"menu_order":0,"comment_status":"closed","ping_status":"closed","template":"","meta":{"footnotes":""},"class_list":["post-758","page","type-page","status-publish","hentry"],"yoast_head":"<!-- This site is optimized with the Yoast SEO plugin v25.3 - https:\/\/yoast.com\/wordpress\/plugins\/seo\/ -->\n<title>Ro\u00f0amaur - okindin.is<\/title>\n<meta name=\"robots\" content=\"index, follow, max-snippet:-1, max-image-preview:large, max-video-preview:-1\" \/>\n<link rel=\"canonical\" href=\"https:\/\/okindin.is\/?page_id=758\" \/>\n<meta property=\"og:locale\" content=\"en_US\" \/>\n<meta property=\"og:type\" content=\"article\" \/>\n<meta property=\"og:title\" content=\"Ro\u00f0amaur - okindin.is\" \/>\n<meta property=\"og:description\" content=\"Rau\u00f0ur og r\u00e1fandi Ro\u00f0amaur heitir r\u00e9ttu nafni veggjam\u00edtill (Bryobia praetiosa) og tilheyrir \u00e1ttf\u00e6tlum (Arachnida) en til \u00feeirra heyra t.d. k\u00f6ngul\u00e6r og spor\u00f0drekar. \u00der\u00e1tt fyrir nafni\u00f0 er hann ekki skyldur maurum, heldur er um a\u00f0 r\u00e6\u00f0a m\u00edtil me\u00f0 \u00e1tta f\u00e6tur. Hann er sm\u00e1r, rau\u00f0leitur a\u00f0 lit og s\u00e9st gjarnan skr\u00ed\u00f0a \u00e1 steyptum veggjum, svalag\u00f3lfum og h\u00fasveggjum, [&hellip;]\" \/>\n<meta property=\"og:url\" content=\"https:\/\/okindin.is\/?page_id=758\" \/>\n<meta property=\"og:site_name\" content=\"okindin.is\" \/>\n<meta property=\"article:publisher\" content=\"https:\/\/www.facebook.com\/search\/top?q=kindin-meindravarnir\" \/>\n<meta property=\"article:modified_time\" content=\"2025-11-03T01:54:24+00:00\" \/>\n<meta property=\"og:image\" content=\"https:\/\/okindin.is\/wp-content\/uploads\/2025\/11\/ChatGPT-Image-Nov-3-2025-01_19_07-AM.png\" \/>\n\t<meta property=\"og:image:width\" content=\"1024\" \/>\n\t<meta property=\"og:image:height\" content=\"1024\" \/>\n\t<meta property=\"og:image:type\" content=\"image\/png\" \/>\n<meta name=\"twitter:card\" content=\"summary_large_image\" \/>\n<meta name=\"twitter:label1\" content=\"Est. reading time\" \/>\n\t<meta name=\"twitter:data1\" content=\"2 minutes\" \/>\n<script type=\"application\/ld+json\" class=\"yoast-schema-graph\">{\"@context\":\"https:\/\/schema.org\",\"@graph\":[{\"@type\":\"WebPage\",\"@id\":\"https:\/\/okindin.is\/?page_id=758\",\"url\":\"https:\/\/okindin.is\/?page_id=758\",\"name\":\"Ro\u00f0amaur - okindin.is\",\"isPartOf\":{\"@id\":\"https:\/\/okindin.is\/#website\"},\"primaryImageOfPage\":{\"@id\":\"https:\/\/okindin.is\/?page_id=758#primaryimage\"},\"image\":{\"@id\":\"https:\/\/okindin.is\/?page_id=758#primaryimage\"},\"thumbnailUrl\":\"https:\/\/okindin.is\/wp-content\/uploads\/2025\/11\/ChatGPT-Image-Nov-3-2025-01_19_07-AM.png\",\"datePublished\":\"2025-11-03T01:19:50+00:00\",\"dateModified\":\"2025-11-03T01:54:24+00:00\",\"breadcrumb\":{\"@id\":\"https:\/\/okindin.is\/?page_id=758#breadcrumb\"},\"inLanguage\":\"en-US\",\"potentialAction\":[{\"@type\":\"ReadAction\",\"target\":[\"https:\/\/okindin.is\/?page_id=758\"]}]},{\"@type\":\"ImageObject\",\"inLanguage\":\"en-US\",\"@id\":\"https:\/\/okindin.is\/?page_id=758#primaryimage\",\"url\":\"https:\/\/okindin.is\/wp-content\/uploads\/2025\/11\/ChatGPT-Image-Nov-3-2025-01_19_07-AM.png\",\"contentUrl\":\"https:\/\/okindin.is\/wp-content\/uploads\/2025\/11\/ChatGPT-Image-Nov-3-2025-01_19_07-AM.png\",\"width\":1024,\"height\":1024},{\"@type\":\"BreadcrumbList\",\"@id\":\"https:\/\/okindin.is\/?page_id=758#breadcrumb\",\"itemListElement\":[{\"@type\":\"ListItem\",\"position\":1,\"name\":\"Home\",\"item\":\"https:\/\/okindin.is\/\"},{\"@type\":\"ListItem\",\"position\":2,\"name\":\"Ro\u00f0amaur\"}]},{\"@type\":\"WebSite\",\"@id\":\"https:\/\/okindin.is\/#website\",\"url\":\"https:\/\/okindin.is\/\",\"name\":\"okindin.is\",\"description\":\"\u00d3kindin Meind\u00fdravarnir - Meind\u00fdraey\u00f0ir\",\"publisher\":{\"@id\":\"https:\/\/okindin.is\/#organization\"},\"potentialAction\":[{\"@type\":\"SearchAction\",\"target\":{\"@type\":\"EntryPoint\",\"urlTemplate\":\"https:\/\/okindin.is\/?s={search_term_string}\"},\"query-input\":{\"@type\":\"PropertyValueSpecification\",\"valueRequired\":true,\"valueName\":\"search_term_string\"}}],\"inLanguage\":\"en-US\"},{\"@type\":\"Organization\",\"@id\":\"https:\/\/okindin.is\/#organization\",\"name\":\"\u00d3kindin ehf.\",\"url\":\"https:\/\/okindin.is\/\",\"logo\":{\"@type\":\"ImageObject\",\"inLanguage\":\"en-US\",\"@id\":\"https:\/\/okindin.is\/#\/schema\/logo\/image\/\",\"url\":\"https:\/\/okindin.is\/wp-content\/uploads\/2023\/09\/okindin-logo-1.jpg\",\"contentUrl\":\"https:\/\/okindin.is\/wp-content\/uploads\/2023\/09\/okindin-logo-1.jpg\",\"width\":1553,\"height\":1553,\"caption\":\"\u00d3kindin ehf.\"},\"image\":{\"@id\":\"https:\/\/okindin.is\/#\/schema\/logo\/image\/\"},\"sameAs\":[\"https:\/\/www.facebook.com\/search\/top?q=kindin-meindravarnir\"]}]}<\/script>\n<!-- \/ Yoast SEO plugin. -->","yoast_head_json":{"title":"Ro\u00f0amaur - okindin.is","robots":{"index":"index","follow":"follow","max-snippet":"max-snippet:-1","max-image-preview":"max-image-preview:large","max-video-preview":"max-video-preview:-1"},"canonical":"https:\/\/okindin.is\/?page_id=758","og_locale":"en_US","og_type":"article","og_title":"Ro\u00f0amaur - okindin.is","og_description":"Rau\u00f0ur og r\u00e1fandi Ro\u00f0amaur heitir r\u00e9ttu nafni veggjam\u00edtill (Bryobia praetiosa) og tilheyrir \u00e1ttf\u00e6tlum (Arachnida) en til \u00feeirra heyra t.d. k\u00f6ngul\u00e6r og spor\u00f0drekar. \u00der\u00e1tt fyrir nafni\u00f0 er hann ekki skyldur maurum, heldur er um a\u00f0 r\u00e6\u00f0a m\u00edtil me\u00f0 \u00e1tta f\u00e6tur. Hann er sm\u00e1r, rau\u00f0leitur a\u00f0 lit og s\u00e9st gjarnan skr\u00ed\u00f0a \u00e1 steyptum veggjum, svalag\u00f3lfum og h\u00fasveggjum, [&hellip;]","og_url":"https:\/\/okindin.is\/?page_id=758","og_site_name":"okindin.is","article_publisher":"https:\/\/www.facebook.com\/search\/top?q=kindin-meindravarnir","article_modified_time":"2025-11-03T01:54:24+00:00","og_image":[{"width":1024,"height":1024,"url":"https:\/\/okindin.is\/wp-content\/uploads\/2025\/11\/ChatGPT-Image-Nov-3-2025-01_19_07-AM.png","type":"image\/png"}],"twitter_card":"summary_large_image","twitter_misc":{"Est. reading time":"2 minutes"},"schema":{"@context":"https:\/\/schema.org","@graph":[{"@type":"WebPage","@id":"https:\/\/okindin.is\/?page_id=758","url":"https:\/\/okindin.is\/?page_id=758","name":"Ro\u00f0amaur - okindin.is","isPartOf":{"@id":"https:\/\/okindin.is\/#website"},"primaryImageOfPage":{"@id":"https:\/\/okindin.is\/?page_id=758#primaryimage"},"image":{"@id":"https:\/\/okindin.is\/?page_id=758#primaryimage"},"thumbnailUrl":"https:\/\/okindin.is\/wp-content\/uploads\/2025\/11\/ChatGPT-Image-Nov-3-2025-01_19_07-AM.png","datePublished":"2025-11-03T01:19:50+00:00","dateModified":"2025-11-03T01:54:24+00:00","breadcrumb":{"@id":"https:\/\/okindin.is\/?page_id=758#breadcrumb"},"inLanguage":"en-US","potentialAction":[{"@type":"ReadAction","target":["https:\/\/okindin.is\/?page_id=758"]}]},{"@type":"ImageObject","inLanguage":"en-US","@id":"https:\/\/okindin.is\/?page_id=758#primaryimage","url":"https:\/\/okindin.is\/wp-content\/uploads\/2025\/11\/ChatGPT-Image-Nov-3-2025-01_19_07-AM.png","contentUrl":"https:\/\/okindin.is\/wp-content\/uploads\/2025\/11\/ChatGPT-Image-Nov-3-2025-01_19_07-AM.png","width":1024,"height":1024},{"@type":"BreadcrumbList","@id":"https:\/\/okindin.is\/?page_id=758#breadcrumb","itemListElement":[{"@type":"ListItem","position":1,"name":"Home","item":"https:\/\/okindin.is\/"},{"@type":"ListItem","position":2,"name":"Ro\u00f0amaur"}]},{"@type":"WebSite","@id":"https:\/\/okindin.is\/#website","url":"https:\/\/okindin.is\/","name":"okindin.is","description":"\u00d3kindin Meind\u00fdravarnir - Meind\u00fdraey\u00f0ir","publisher":{"@id":"https:\/\/okindin.is\/#organization"},"potentialAction":[{"@type":"SearchAction","target":{"@type":"EntryPoint","urlTemplate":"https:\/\/okindin.is\/?s={search_term_string}"},"query-input":{"@type":"PropertyValueSpecification","valueRequired":true,"valueName":"search_term_string"}}],"inLanguage":"en-US"},{"@type":"Organization","@id":"https:\/\/okindin.is\/#organization","name":"\u00d3kindin ehf.","url":"https:\/\/okindin.is\/","logo":{"@type":"ImageObject","inLanguage":"en-US","@id":"https:\/\/okindin.is\/#\/schema\/logo\/image\/","url":"https:\/\/okindin.is\/wp-content\/uploads\/2023\/09\/okindin-logo-1.jpg","contentUrl":"https:\/\/okindin.is\/wp-content\/uploads\/2023\/09\/okindin-logo-1.jpg","width":1553,"height":1553,"caption":"\u00d3kindin ehf."},"image":{"@id":"https:\/\/okindin.is\/#\/schema\/logo\/image\/"},"sameAs":["https:\/\/www.facebook.com\/search\/top?q=kindin-meindravarnir"]}]}},"jetpack_sharing_enabled":true,"_links":{"self":[{"href":"https:\/\/okindin.is\/index.php?rest_route=\/wp\/v2\/pages\/758","targetHints":{"allow":["GET"]}}],"collection":[{"href":"https:\/\/okindin.is\/index.php?rest_route=\/wp\/v2\/pages"}],"about":[{"href":"https:\/\/okindin.is\/index.php?rest_route=\/wp\/v2\/types\/page"}],"author":[{"embeddable":true,"href":"https:\/\/okindin.is\/index.php?rest_route=\/wp\/v2\/users\/2"}],"replies":[{"embeddable":true,"href":"https:\/\/okindin.is\/index.php?rest_route=%2Fwp%2Fv2%2Fcomments&post=758"}],"version-history":[{"count":2,"href":"https:\/\/okindin.is\/index.php?rest_route=\/wp\/v2\/pages\/758\/revisions"}],"predecessor-version":[{"id":787,"href":"https:\/\/okindin.is\/index.php?rest_route=\/wp\/v2\/pages\/758\/revisions\/787"}],"wp:attachment":[{"href":"https:\/\/okindin.is\/index.php?rest_route=%2Fwp%2Fv2%2Fmedia&parent=758"}],"curies":[{"name":"wp","href":"https:\/\/api.w.org\/{rel}","templated":true}]}}